{"id":560062,"date":"2014-04-29T17:00:23","date_gmt":"2014-04-29T15:00:23","guid":{"rendered":"https:\/\/2014.hamburg.wordcamp.org\/?page_id=560062"},"modified":"2014-09-16T09:53:00","modified_gmt":"2014-09-16T07:53:00","slug":"helfende-haende","status":"publish","type":"page","link":"https:\/\/hamburg.wordcamp.org\/2014\/ueber\/helfende-haende\/","title":{"rendered":"Helfende H\u00e4nde"},"content":{"rendered":"<p>Vielen lieben Dank an die freiwilligen Helfenden H\u00e4nde, die dem Orga-Team w\u00e4hrend des WordCamps tatkr\u00e4ftig zur Seite stehen werden. Ihr seid super!<\/p>\n<div id=\"tix-attendees\">\n<ul class=\"tix-attendee-list tix-columns-3\">\n<li>\n      <img alt='' src='http:\/\/0.gravatar.com\/avatar\/e3422a2bca3394e3e707aefe1675638b?s=96&amp;d=http%3A%2F%2F0.gravatar.com%2Favatar%2Fad516503a11cd5ca435acc9bb6523536%3Fs%3D96&amp;r=G' class='avatar avatar-96 photo' height='96' width='96' \/><\/p>\n<div class=\"tix-field tix-attendee-name\">\n        <span class=\"tix-first\">Alexey<\/span> <span class=\"tix-last\">Vidanov<\/span>\n      <\/div>\n<p><a class=\"tix-field tix-attendee-twitter\" href=\"http:\/\/twitter.com\/vidanov\">@vidanov<\/a><a class=\"tix-field tix-attendee-url\" href=\"http:\/\/www.vidanov.com\/\">vidanov.com<\/a>\n    <\/li>\n<li>\n      <img alt='' src='http:\/\/0.gravatar.com\/avatar\/abc21552a6aa8e6bf51b740bb7bb74c1?s=96&amp;d=http%3A%2F%2F0.gravatar.com%2Favatar%2Fad516503a11cd5ca435acc9bb6523536%3Fs%3D96&amp;r=G' class='avatar avatar-96 photo' height='96' width='96' \/><\/p>\n<div class=\"tix-field tix-attendee-name\">\n        <span class=\"tix-first\">David<\/span> <span class=\"tix-last\">Naber<\/span>\n      <\/div>\n<p><a class=\"tix-field tix-attendee-twitter\" href=\"http:\/\/twitter.com\/dnaber_de\">@dnaber_de<\/a>\n    <\/li>\n<li>\n      <img alt='' src='http:\/\/0.gravatar.com\/avatar\/ac0818f29a8018003a1be05eef3e269d?s=96&amp;d=http%3A%2F%2F0.gravatar.com%2Favatar%2Fad516503a11cd5ca435acc9bb6523536%3Fs%3D96&amp;r=G' class='avatar avatar-96 photo' height='96' width='96' \/><\/p>\n<div class=\"tix-field tix-attendee-name\">\n        <span class=\"tix-first\">Detlef<\/span> <span class=\"tix-last\">Heese<\/span>\n      <\/div>\n<p>      <a class=\"tix-field tix-attendee-twitter\" href=\"http:\/\/twitter.com\/iDet\">@iDet<\/a><a class=\"tix-field tix-attendee-url\" href=\"http:\/\/hee.se\/\">hee.se<\/a>\n    <\/li>\n<li>\n      <img alt='' src='http:\/\/0.gravatar.com\/avatar\/0b1bb6c1d56426e19143f4f4cb227883?s=96&amp;d=http%3A%2F%2F0.gravatar.com%2Favatar%2Fad516503a11cd5ca435acc9bb6523536%3Fs%3D96&amp;r=G' class='avatar avatar-96 photo' height='96' width='96' \/><\/p>\n<div class=\"tix-field tix-attendee-name\">\n        <span class=\"tix-first\">Elisabeth<\/span> <span class=\"tix-last\">H\u00f6lzl<\/span>\n      <\/div>\n<p>      <a class=\"tix-field tix-attendee-twitter\" href=\"http:\/\/twitter.com\/taxifisch\">@taxifisch<\/a><a class=\"tix-field tix-attendee-url\" href=\"http:\/\/taxifisch.com\/\">taxifisch.com<\/a>\n    <\/li>\n<li>\n      <img alt='' src='http:\/\/1.gravatar.com\/avatar\/b908d1a2afbaec76acf83e41e451114d?s=96&amp;d=http%3A%2F%2F1.gravatar.com%2Favatar%2Fad516503a11cd5ca435acc9bb6523536%3Fs%3D96&amp;r=G' class='avatar avatar-96 photo' height='96' width='96' \/><\/p>\n<div class=\"tix-field tix-attendee-name\"><span class=\"tix-first\">Frank<\/span> <span class=\"tix-last\">Staude<\/span>\n      <\/div>\n<p><a class=\"tix-field tix-attendee-twitter\" href=\"http:\/\/twitter.com\/staude\">@staude<\/a> <a class=\"tix-field tix-attendee-url\" href=\"http:\/\/www.staude.net\/\">staude.net<\/a>\n    <\/li>\n<li>\n      <img alt='' src='http:\/\/1.gravatar.com\/avatar\/144c11b0d0470e31a9033cb1e6d8c6b2?s=96&amp;d=http%3A%2F%2F1.gravatar.com%2Favatar%2Fad516503a11cd5ca435acc9bb6523536%3Fs%3D96&amp;r=G' class='avatar avatar-96 photo' height='96' width='96' \/><\/p>\n<div class=\"tix-field tix-attendee-name\"><span class=\"tix-first\">Friedhelm<\/span> <span class=\"tix-last\">Oja<\/span>\n      <\/div>\n<p><a class=\"tix-field tix-attendee-twitter\" href=\"http:\/\/twitter.com\/orange_flamingo\">@orange_flamingo<\/a> <a class=\"tix-field tix-attendee-url\" href=\"http:\/\/wp-fabrik.de\/\">wp-fabrik.de<\/a>\n    <\/li>\n<li>\n      <img alt='' src='http:\/\/0.gravatar.com\/avatar\/2a8398c99e69e6bea9209e3b67440262?s=96&amp;d=http%3A%2F%2F0.gravatar.com%2Favatar%2Fad516503a11cd5ca435acc9bb6523536%3Fs%3D96&amp;r=G' class='avatar avatar-96 photo' height='96' width='96' \/><\/p>\n<div class=\"tix-field tix-attendee-name\"><span class=\"tix-first\">Jan<\/span> <span class=\"tix-last\">Thiel<\/span>\n      <\/div>\n<p><a class=\"tix-field tix-attendee-twitter\" href=\"http:\/\/twitter.com\/WirLiebenWP\">@WirLiebenWP<\/a> <a class=\"tix-field tix-attendee-url\" href=\"http:\/\/wirliebenwp.de\/\" rel=\"nofollow\">wirliebenwp.de<\/a>\n    <\/li>\n<li>\n      <img alt='' src='http:\/\/1.gravatar.com\/avatar\/de26a2f9f3378ff17fb606d7a351157a?s=96&amp;d=http%3A%2F%2F1.gravatar.com%2Favatar%2Fad516503a11cd5ca435acc9bb6523536%3Fs%3D96&amp;r=G' class='avatar avatar-96 photo' height='96' width='96' \/><\/p>\n<div class=\"tix-field tix-attendee-name\">\n        <span class=\"tix-first\">Marion<\/span> <span class=\"tix-last\">Lustig<\/span>\n      <\/div>\n<p><a class=\"tix-field tix-attendee-url\" href=\"http:\/\/www.lustigonline.de\/\">lustigonline.de<\/a>\n    <\/li>\n<li>\n      <img alt='' src='http:\/\/1.gravatar.com\/avatar\/53e955837f2cd444486e9085066577d6?s=96&amp;d=http%3A%2F%2F1.gravatar.com%2Favatar%2Fad516503a11cd5ca435acc9bb6523536%3Fs%3D96&amp;r=G' class='avatar avatar-96 photo' height='96' width='96' \/><\/p>\n<div class=\"tix-field tix-attendee-name\">\n        <span class=\"tix-first\">Michael<\/span> <span class=\"tix-last\">Oeser<\/span>\n      <\/div>\n<p>      <a class=\"tix-field tix-attendee-twitter\" href=\"http:\/\/twitter.com\/michaeloeser\">@michaeloeser<\/a><a class=\"tix-field tix-attendee-url\" href=\"http:\/\/www.der-prinz.de\/\">der-prinz.de<\/a>\n    <\/li>\n<li>\n      <img alt='' src='http:\/\/1.gravatar.com\/avatar\/774c6ce642bcdb846658c330f4fa6bf4?s=96&amp;d=http%3A%2F%2F1.gravatar.com%2Favatar%2Fad516503a11cd5ca435acc9bb6523536%3Fs%3D96&amp;r=G' class='avatar avatar-96 photo' height='96' width='96' \/><\/p>\n<div class=\"tix-field tix-attendee-name\">\n        <span class=\"tix-first\">Nils<\/span> <span class=\"tix-last\">Sch\u00f6nwald<\/span>\n      <\/div>\n<p>      <a class=\"tix-field tix-attendee-twitter\" href=\"http:\/\/twitter.com\/schoenwaldnils\">@schoenwaldnils<\/a><a class=\"tix-field tix-attendee-url\" href=\"http:\/\/www.schoenwald-media.de\/\">schoenwald-media.de<\/a>\n    <\/li>\n<li>\n      <img alt='' src='http:\/\/0.gravatar.com\/avatar\/a24cedce164b06271bd09f3dbe9dd886?s=96&amp;d=http%3A%2F%2F0.gravatar.com%2Favatar%2Fad516503a11cd5ca435acc9bb6523536%3Fs%3D96&amp;r=G' class='avatar avatar-96 photo' height='96' width='96' \/><\/p>\n<div class=\"tix-field tix-attendee-name\"><span class=\"tix-first\">Sandra<\/span> <span class=\"tix-last\">Riemersma<\/span>\n      <\/div>\n<p><a class=\"tix-field tix-attendee-twitter\" href=\"http:\/\/twitter.com\/lekkerdesign\">@lekkerdesign<\/a> <a class=\"tix-field tix-attendee-url\" href=\"http:\/\/www.lekkerdesign.de\/\">lekkerdesign.de<\/a>\n    <\/li>\n<li>\n      <img alt='' src='http:\/\/1.gravatar.com\/avatar\/ff6c188669b39ff3dca00547f6371f43?s=96&amp;d=http%3A%2F%2F1.gravatar.com%2Favatar%2Fad516503a11cd5ca435acc9bb6523536%3Fs%3D96&amp;r=G' class='avatar avatar-96 photo' height='96' width='96' \/><\/p>\n<div class=\"tix-field tix-attendee-name\">\n        <span class=\"tix-first\">Sonja<\/span> <span class=\"tix-last\">Funke<\/span>\n      <\/div>\n<p>      <a class=\"tix-field tix-attendee-url\" href=\"http:\/\/www.syrfmedia.com\/\">syrfmedia.com<\/a>\n    <\/li>\n<li>\n      <img alt='' src='http:\/\/0.gravatar.com\/avatar\/4933447d7b7c3fe3228f575344012296?s=96&amp;d=http%3A%2F%2F0.gravatar.com%2Favatar%2Fad516503a11cd5ca435acc9bb6523536%3Fs%3D96&amp;r=G' class='avatar avatar-96 photo' height='96' width='96' \/><\/p>\n<div class=\"tix-field tix-attendee-name\">\n        <span class=\"tix-first\">Stefan<\/span> <span class=\"tix-last\">Wolfsch\u00fctz<\/span>\n      <\/div>\n<p><a class=\"tix-field tix-attendee-twitter\" href=\"http:\/\/twitter.com\/merlien84\">@merlien84<\/a><a class=\"tix-field tix-attendee-url\" href=\"http:\/\/www.krassla.de\/\">krassla.de<\/a>\n    <\/li>\n<li>\n      <img alt='' src='http:\/\/0.gravatar.com\/avatar\/4933447d7b7c3fe3228f575344012296?s=96&amp;d=http%3A%2F%2F0.gravatar.com%2Favatar%2Fad516503a11cd5ca435acc9bb6523536%3Fs%3D96&amp;r=G' class='avatar avatar-96 photo' height='96' width='96' \/><\/p>\n<div class=\"tix-field tix-attendee-name\">\n        <span class=\"tix-first\">Steffen<\/span> <span class=\"tix-last\">Kopp<\/span>\n      <\/div>\n<p><a class=\"tix-field tix-attendee-twitter\" href=\"http:\/\/twitter.com\/JaniceTiviie\">@JaniceTiviie<\/a><a class=\"tix-field tix-attendee-url\" href=\"http:\/\/www.janice.tv\/\">janice.tv<\/a>\n    <\/li>\n<li>\n      <img alt='' src='http:\/\/0.gravatar.com\/avatar\/ac5815332eaf3fb02669a85205771cf9?s=96&amp;d=http%3A%2F%2F0.gravatar.com%2Favatar%2Fad516503a11cd5ca435acc9bb6523536%3Fs%3D96&amp;r=G' class='avatar avatar-96 photo' height='96' width='96' \/><\/p>\n<div class=\"tix-field tix-attendee-name\">\n        <span class=\"tix-first\">Thorsten<\/span> <span class=\"tix-last\">Siefert<\/span>\n      <\/div>\n<p><a class=\"tix-field tix-attendee-twitter\" href=\"http:\/\/twitter.com\/thorginseng\">@thorginseng<\/a><a class=\"tix-field tix-attendee-url\" href=\"http:\/\/blog.art-supplies.de\/\">blog.art-supplies.de<\/a>\n    <\/li>\n<\/ul>\n<\/div>\n","protected":false},"excerpt":{"rendered":"<p>Vielen lieben Dank an die freiwilligen Helfenden H\u00e4nde, die dem Orga-Team w\u00e4hrend des WordCamps tatkr\u00e4ftig zur Seite stehen werden. Ihr seid super! Alexey Vidanov @vidanovvidanov.com David Naber @dnaber_de Detlef Heese @iDethee.se Elisabeth H\u00f6lzl @taxifischtaxifisch.com Frank Staude @staude staude.net Friedhelm Oja @orange_flamingo wp-fabrik.de Jan Thiel @WirLiebenWP wirliebenwp.de Marion Lustig lustigonline.de Michael Oeser @michaeloeserder-prinz.de Nils Sch\u00f6nwald @schoenwaldnilsschoenwald-media.de [&hellip;]<\/p>\n","protected":false},"author":8208673,"featured_media":0,"parent":373656,"menu_order":1,"comment_status":"closed","ping_status":"open","template":"","meta":{"_crdt_document":"","jetpack_post_was_ever_published":false,"footnotes":""},"class_list":["post-560062","page","type-page","status-publish","hentry"],"jetpack_sharing_enabled":true,"_links":{"self":[{"href":"https:\/\/hamburg.wordcamp.org\/2014\/wp-json\/wp\/v2\/pages\/560062","targetHints":{"allow":["GET"]}}],"collection":[{"href":"https:\/\/hamburg.wordcamp.org\/2014\/wp-json\/wp\/v2\/pages"}],"about":[{"href":"https:\/\/hamburg.wordcamp.org\/2014\/wp-json\/wp\/v2\/types\/page"}],"author":[{"embeddable":true,"href":"https:\/\/hamburg.wordcamp.org\/2014\/wp-json\/wp\/v2\/users\/8208673"}],"replies":[{"embeddable":true,"href":"https:\/\/hamburg.wordcamp.org\/2014\/wp-json\/wp\/v2\/comments?post=560062"}],"version-history":[{"count":24,"href":"https:\/\/hamburg.wordcamp.org\/2014\/wp-json\/wp\/v2\/pages\/560062\/revisions"}],"predecessor-version":[{"id":627674,"href":"https:\/\/hamburg.wordcamp.org\/2014\/wp-json\/wp\/v2\/pages\/560062\/revisions\/627674"}],"up":[{"embeddable":true,"href":"https:\/\/hamburg.wordcamp.org\/2014\/wp-json\/wp\/v2\/pages\/373656"}],"wp:attachment":[{"href":"https:\/\/hamburg.wordcamp.org\/2014\/wp-json\/wp\/v2\/media?parent=560062"}],"curies":[{"name":"wp","href":"https:\/\/api.w.org\/{rel}","templated":true}]}}